Suppose -4*u = -3*o - 13, 0 = -0*u - 3*u + 5*o - i. What is the units digit of u?
7
Suppose -2386 = -3*q + 851. What is the hundreds digit of q?
0
Let i(b) = -6*b + 13. Let k = -27 - -21. What is the units digit of i(k)?
9
Let b be (-2)/(-3) - 70/(-21). Suppose -b*r - 2*c = c - 31, 2*r + c = 13. Suppose -5*o - 4*n + 24 = -o, 0 = r*n - 12. What is the units digit of o?
3
Let n = -8 + 13. What is the tens digit of (-1)/((-5)/n*(-2)/(-118))?
5
Let l(i) = -2*i + 36. Let a be l(18). What is the tens digit of 91 + a/3 - 0?
9
Suppose 7*b + 2328 = 19*b. What is the tens digit of b?
9
Let v(z) = -z**3 + z**2 + z + 1. Let m(w) = -4*w**3 - 7*w**2 + 17*w + 2. Let l(k) = -m(k) + 5*v(k). What is the units digit of l(9)?
8
Let l = 13 + -10. Let k be 3*(0 - (-2)/l). Let a(i) = 6*i + 2. What is the units digit of a(k)?
4
Suppose 3*i - 98 = -2*a, 2*i + 4*a = -0*a + 52. Let x = -24 + i. What is the units digit of x?
2
Suppose -17*y + 14*y + 12 = 0. Let q(b) = 23*b - 28. What is the tens digit of q(y)?
6
Let q(v) = 5*v**2 - 3*v + 2. Suppose 5 = 3*c - 7. Suppose -4*w + 2*w - 6 = -2*f, c*w - 12 = -4*f. What is the units digit of q(f)?
8
Suppose -4*q - 36 = -3*h + 7*h, 3*h - 15 = 4*q. Let m(y) = -14*y. What is the units digit of m(q)?
4
Suppose -15 = -2*n - 9. Suppose -2*h = -2 - 2. What is the tens digit of (-33)/h*(-8)/n?
4
Let s be 70/5*(-2 + 26/4). Let m = s - 20. What is the units digit of m?
3
What is the tens digit of (((-722)/4)/(-19))/((-1)/(-38))?
6
Let s(l) = 79*l**2 + 34*l - 6. What is the thousands digit of s(4)?
1
Let b = -1149 - -2279. What is the units digit of b?
0
Let v(y) = y - 8. Let u be v(0). Suppose 6 = 4*w - 3*p - 8, 4*w = -p + 22. What is the tens digit of u*(25/(-2))/w?
2
Let w = 543 + -404. What is the tens digit of w?
3
Let d = 84 + -46. Suppose -2*w = -48 - d. What is the tens digit of w?
4
Suppose 15*r - 11225 = -10*r. What is the tens digit of r?
4
Let n(l) be the third derivative of l**5/20 + l**4/4 + l**3/3 + 8*l**2. Let j(m) be the first derivative of n(m). What is the units digit of j(5)?
6
Suppose 3*r - 535 - 884 = 0. What is the hundreds digit of r?
4
Let g = 112 + -63. Let o = 14 + g. What is the units digit of o?
3
Let t(y) = 408*y - 119. Let l(r) = -17*r + 5. Let b(n) = -119*l(n) - 5*t(n). What is the tens digit of b(-1)?
1
Suppose 5*x - 3*p - 433 = 0, -x - 3*p + 427 = 4*x. Let f = -61 + x. Let o = 41 - f. What is the units digit of o?
6
Let w(i) = i + 11. Let u(n) = n + 11. Let v(f) = 4*u(f) - 3*w(f). Let x be v(-9). Suppose -l - 6*k = -k - 66, -x*l + 127 = 5*k. What is the tens digit of l?
6
Let q = 13 - 9. Suppose q = -0*u + u. Suppose 0 = -5*n - u*i + 139, -6*n - 3*i = -2*n - 111. What is the tens digit of n?
2
Suppose 25*f + 15*f = 97320. What is the units digit of f?
3
Let l(i) = -2*i - 4. Let j be l(-2). Suppose j*w - 234 = -3*w. Suppose -3*y = -0*y - w. What is the tens digit of y?
2
Suppose -6 = 2*p - 24. Let x = p + -33. Let h = -5 - x. What is the units digit of h?
9
Let s = -3991 - -5673. What is the hundreds digit of s?
6
Suppose -3*h = 0, -4*h + 29 = g - 2*h. Let b = 22 - -18. Let l = b - g. What is the tens digit of l?
1
Suppose 0 = -2*d + 4*d - 6. Suppose 24 + 195 = d*g. What is the tens digit of g?
7
Suppose -2212 = -4*w - 4*f, 4*w - 2*f - 2194 = 3*f. What is the tens digit of w?
5
Let o = -566 + 971. What is the hundreds digit of o?
4
What is the hundreds digit of 910/273*((-2066)/(-10) + 1)?
6
Let r = -45 + 105. Let x = 96 - r. What is the units digit of x?
6
Suppose 4 = -20*q + 22*q. Suppose 3*y + 550 = -4*o + 8*o, q*y = -5*o + 676. What is the units digit of o?
6
Suppose 3*z = 2*p + 8 + 12, 0 = -2*z - p + 11. Suppose -2*d + 80 = 3*r, -2*d + 42 = -5*r - z. What is the units digit of d?
4
Suppose 5*f + u - 2604 = -0*f, -3 = 3*u. What is the tens digit of f?
2
Let m(h) be the third derivative of -h**6/60 + 9*h**5/20 - h**4/8 + h**3/2 + 12*h**2. What is the hundreds digit of m(13)?
1
Let n(h) = 2*h**2 + 2*h - 2. Let l be n(-2). Suppose l*s - 46 = r - 5*r, -4*r - 59 = -3*s. What is the tens digit of s?
2
Suppose 0 = 5*n - 3179 - 6371. What is the tens digit of n?
1
Suppose -21*i + 7*i + 6888 = 0. What is the hundreds digit of i?
4
Let f be 1362 - -5 - (0 - (2 + -1)). Suppose -4*c + 1336 = -4*n, -c + 5*c - f = -4*n. What is the units digit of c?
8
Let n = 3069 + -1070. What is the thousands digit of n?
1
Suppose 13*q - 11*q + 2 = 0. Let h(u) = 41*u**2 - 3*u - 3. What is the units digit of h(q)?
1
Let y(u) = u**3 + 28*u**2 + 54*u - 58. What is the hundreds digit of y(-25)?
4
Let l = 5 - 2. Suppose l*j + 2*j - 50 = 0. What is the units digit of (-4)/(-10) + 136/j?
4
Let v(g) = -g**2 - 31*g + 69. What is the tens digit of v(-16)?
0
Suppose -4*w + 88 + 116 = 0. Suppose -w - 33 = -3*r. What is the tens digit of r?
2
Let n be (0 - -2)*(-1)/2 - 2. What is the units digit of (n - -2 - 103)*5/(-5)?
4
What is the hundreds digit of 12 + (-38)/2 - -1584?
5
Let r(c) = -c**2 + 11*c + 3. Let v be r(7). Suppose 2*y + 3*f - v = 0, 4*y - 2*f - 9 = 13. What is the units digit of y?
8
Let w(u) be the second derivative of 29*u**5/10 - u**4/3 + 2*u**3/3 - 44*u. What is the tens digit of w(1)?
5
Suppose 43*j - 17177 = 12579. What is the units digit of j?
2
Let m = 53 + -53. Let r be (4 - -1)*(-2)/(-5). Suppose -r*a - 2*a + 92 = m. What is the units digit of a?
3
Let y = 179 + -359. Let d = -85 - y. What is the tens digit of d?
9
Suppose 4*j = 8*j - 20. Suppose 0 = -j*q + 2*f + 209, 74 = 3*q - 5*f - 40. Suppose 6*i + q = 2*d + i, -78 = -4*d + 2*i. What is the units digit of d?
9
Let i be ((-72)/21)/(6/(-63)). Suppose 192 = 4*y - i. Let q = y + -33. What is the units digit of q?
4
Let w(y) = y**2 - 12*y - 18. Let d = -15 - -30. What is the units digit of w(d)?
7
Let l be 474/66 - (-2)/(-11). Let g = l - 3. Suppose -g*q = -3 - 17. What is the units digit of q?
5
Suppose 4*m = -4*w - 0*m + 700, w = 3*m + 187. Suppose h = -h + w. What is the tens digit of h?
8
Let u = -39 - -31. What is the tens digit of -30*3*u/20?
3
Suppose 6*b = -5*b + 1331. Suppose 461 = 2*r + b. What is the units digit of r?
0
Let w(v) = 2*v - 5. Let f be w(4). Let j(q) = 41*q + 7. Let m be j(f). Suppose -3*a = -3*d - 2*d + 283, 2*d = -3*a + m. What is the units digit of d?
9
Let l be 7*5/(20/44). Suppose -81 - l = -n. What is the units digit of n?
8
Let u = -17 - -25. Suppose -9*a + 6 = -u*a. Suppose 0 = f + a - 11. What is the units digit of f?
5
Suppose 0 = 108*d - 103*d - 570. What is the units digit of d?
4
What is the hundreds digit of 9864/27 - 4/3?
3
Suppose -60 = -3*k + 39. Suppose -3*g - k = -0*g - 3*p, 5*g + 2*p + 62 = 0. What is the units digit of g*((-16)/12)/4?
4
Suppose 45*f = 41*f + 4840. Suppose -42*n + f = -37*n. What is the tens digit of n?
4
Suppose 41 - 16 = -5*h, 3*h = -3*k + 6849. What is the hundreds digit of k?
2
Suppose 2*n + 5*d - 3648 = 2489, -2*n = 3*d - 6135. What is the units digit of n?
6
Let z(q) = q**2 + 5*q - 11. Let d be z(-7). Suppose 8*j = d*j + 920. What is the units digit of j?
4
Suppose 0 = w + 5, -x - 18 = 4*w. Suppose -x*g + 9 = s - 21, 5*s = -4*g + 132. Suppose y - s - 28 = 0. What is the units digit of y?
2
Let o(p) = -8 + 6*p + p**3 - 12*p**2 - 4*p**2 + 5*p**2. Suppose 5*l + 0*u + u = 52, 3*u + 64 = 5*l. What is the tens digit of o(l)?
5
Suppose 47*y = -2995 + 50324. What is the hundreds digit of y?
0
Let n(k) = -k + 5. Let c be n(-16). Let w = c + 69. Suppose 2*a + 3*a - w = 0. What is the units digit of a?
8
Suppose 113 = -4*z + 5*h, -z = -3*z - 3*h - 29. Let f = 72 + z. Suppose -3*i + f = -4*l, -2*i + 5*i = -4*l + 82. What is the tens digit of i?
2
Suppose 8 = 5*z - 12. Suppose -7 = -z*n + 5. Suppose -n*h = -8*h + 10. What is the units digit of h?
2
Suppose 23 = g - 3*c, 5*g - 2*c - 63 = -0*g. Suppose g - 62 = -3*j. What is the tens digit of j?
1
Let s(r) = -3*r**3 - 20*r**2 - 6*r + 1. What is the hundreds digit of s(-8)?
3
Let p(n) = 17*n + 18. Let a be p(6). What is the units digit of 1/((a/(-28))/5 - -1)?
7
Suppose t - 4*c + 22 = 4*t, -4*t + 24 = 4*c. Suppose 3*r - 8*r + 100 = h, 0 = 3*r + t*h - 67. What is the units digit of r?
9
Suppose -2*a + 6*b = 3*b + 343, 3*a - 3*b + 516 = 0. Let t = -85 - a. What is the tens digit of t?
8
Let p(u) = 8*u - 14*u + 3*u + 12 + 0*u. What is the tens digit of p(-7)?
3
Suppose 